{"id":247,"date":"2023-06-19T00:57:55","date_gmt":"2023-06-18T22:57:55","guid":{"rendered":"https:\/\/socri.uniri.hr\/eng\/?page_id=247"},"modified":"2023-06-19T00:59:27","modified_gmt":"2023-06-18T22:59:27","slug":"image-6","status":"publish","type":"page","link":"https:\/\/socri.uniri.hr\/eng\/image-6\/","title":{"rendered":"Image 6: bending of the 3D printed layered beam"},"content":{"rendered":"\n<figure class=\"wp-block-image size-full\"><img loading=\"lazy\" decoding=\"async\" width=\"642\" height=\"647\" src=\"https:\/\/socri.uniri.hr\/eng\/wp-content\/uploads\/sites\/2\/2023\/06\/Image6madarica-1-3.png\" alt=\"\" class=\"wp-image-254\" srcset=\"https:\/\/socri.uniri.hr\/eng\/wp-content\/uploads\/sites\/2\/2023\/06\/Image6madarica-1-3.png 642w, https:\/\/socri.uniri.hr\/eng\/wp-content\/uploads\/sites\/2\/2023\/06\/Image6madarica-1-3-298x300.png 298w, https:\/\/socri.uniri.hr\/eng\/wp-content\/uploads\/sites\/2\/2023\/06\/Image6madarica-1-3-150x150.png 150w\" sizes=\"(max-width: 642px) 100vw, 642px\" \/><\/figure>\n\n\n\n<p>Autori: Anamarija Male\u0161evi\u0107, Edita Papa Duki\u0107<\/p>\n\n\n\n<p>Projekt: <a href=\"https:\/\/fimcos.gradri.uniri.hr\/\">FIMCOS<\/a><\/p>\n\n\n\n<p>In the pictures you can see the bending experiment of the 3D printed layered beam. The beam is 3D printed in 11 layers with alternating soft (marked in dark color in the picture) and harder (marked in lighter shade in the picture) layers. Since the layered beams are calculated differently from single-layered ones, the experiment was designed to help students understand the behavior of such samples that are widely used in industry.&nbsp;<\/p>\n\n\n\n<figure class=\"wp-block-embed is-type-video is-provider-youtube wp-block-embed-youtube wp-embed-aspect-16-9 wp-has-aspect-ratio\"><div class=\"wp-block-embed__wrapper\">\n<div class=\"ast-oembed-container\" style=\"height: 100%;\"><iframe loading=\"lazy\" title=\"ai] explore slika 6\" width=\"500\" height=\"281\" src=\"https:\/\/www.youtube.com\/embed\/S12sBoSvbcA?feature=oembed\" frameborder=\"0\" allow=\"accelerometer; autoplay; clipboard-write; encrypted-media; gyroscope; picture-in-picture; web-share\" allowfullscreen><\/iframe><\/div>\n<\/div><\/figure>\n","protected":false},"excerpt":{"rendered":"<p>Autori: Anamarija Male\u0161evi\u0107, Edita Papa Duki\u0107 Projekt: FIMCOS In the pictures you can see the bending experiment of the 3D printed layered beam. The beam is 3D printed in 11 layers with alternating soft (marked in dark color in the picture) and harder (marked in lighter shade in the picture) layers. Since the layered beams &hellip;<\/p>\n<p class=\"read-more\"> <a class=\"\" href=\"https:\/\/socri.uniri.hr\/eng\/image-6\/\"> <span class=\"screen-reader-text\">Image 6: bending of the 3D printed layered beam<\/span> Read More &raquo;<\/a><\/p>\n","protected":false},"author":2,"featured_media":0,"parent":0,"menu_order":0,"comment_status":"closed","ping_status":"closed","template":"","meta":{"site-sidebar-layout":"default","site-content-layout":"default","ast-global-header-display":"","ast-banner-title-visibility":"","ast-main-header-display":"","ast-hfb-above-header-display":"","ast-hfb-below-header-display":"","ast-hfb-mobile-header-display":"","site-post-title":"","ast-breadcrumbs-content":"","ast-featured-img":"","footer-sml-layout":"","theme-transparent-header-meta":"","adv-header-id-meta":"","stick-header-meta":"","header-above-stick-meta":"","header-main-stick-meta":"","header-below-stick-meta":"","footnotes":""},"_links":{"self":[{"href":"https:\/\/socri.uniri.hr\/eng\/wp-json\/wp\/v2\/pages\/247"}],"collection":[{"href":"https:\/\/socri.uniri.hr\/eng\/wp-json\/wp\/v2\/pages"}],"about":[{"href":"https:\/\/socri.uniri.hr\/eng\/wp-json\/wp\/v2\/types\/page"}],"author":[{"embeddable":true,"href":"https:\/\/socri.uniri.hr\/eng\/wp-json\/wp\/v2\/users\/2"}],"replies":[{"embeddable":true,"href":"https:\/\/socri.uniri.hr\/eng\/wp-json\/wp\/v2\/comments?post=247"}],"version-history":[{"count":4,"href":"https:\/\/socri.uniri.hr\/eng\/wp-json\/wp\/v2\/pages\/247\/revisions"}],"predecessor-version":[{"id":256,"href":"https:\/\/socri.uniri.hr\/eng\/wp-json\/wp\/v2\/pages\/247\/revisions\/256"}],"wp:attachment":[{"href":"https:\/\/socri.uniri.hr\/eng\/wp-json\/wp\/v2\/media?parent=247"}],"curies":[{"name":"wp","href":"https:\/\/api.w.org\/{rel}","templated":true}]}}