{"id":373,"date":"2023-09-08T13:27:09","date_gmt":"2023-09-08T11:27:09","guid":{"rendered":"https:\/\/socri.uniri.hr\/eng\/?page_id=373"},"modified":"2024-02-27T11:48:16","modified_gmt":"2024-02-27T10:48:16","slug":"virtual-science-outreach-centre","status":"publish","type":"page","link":"https:\/\/socri.uniri.hr\/eng\/virtual-science-outreach-centre\/","title":{"rendered":"Virtual Science Outreach Centre"},"content":{"rendered":"\n<p>The Virtual Science Outreach Center is a platform for open communication of science. The purpose of the platform is to share best practices, experiences, ideas, knowledge, activities, and interactive materials. The goal is to help scientific institutions and scientists reach out to the public and promote the importance of science, scientific facts, scientific methods, fact-based reasoning, and sound decision-making.<\/p>\n\n\n\n<div class=\"wp-block-pb-accordion-item c-accordion__item js-accordion-item no-js is-open\" data-initially-open=\"true\" data-click-to-close=\"true\" data-auto-close=\"false\" data-scroll=\"false\" data-scroll-offset=\"0\"><h2 id=\"at-3730\" class=\"c-accordion__title js-accordion-controller\" role=\"button\"><strong><mark style=\"background-color:rgba(0, 0, 0, 0);color:#b50416\" class=\"has-inline-color\">Video lectures<\/mark><\/strong><\/h2><div id=\"ac-3730\" class=\"c-accordion__content\">\n<figure class=\"wp-block-image aligncenter size-large is-resized\"><img loading=\"lazy\" decoding=\"async\" width=\"512\" height=\"512\" src=\"https:\/\/socri.uniri.hr\/eng\/wp-content\/uploads\/sites\/2\/2023\/09\/video-lecture_4536598-1.png\" alt=\"\" class=\"wp-image-388\" style=\"width:272px;height:272px\" srcset=\"https:\/\/socri.uniri.hr\/eng\/wp-content\/uploads\/sites\/2\/2023\/09\/video-lecture_4536598-1.png 512w, https:\/\/socri.uniri.hr\/eng\/wp-content\/uploads\/sites\/2\/2023\/09\/video-lecture_4536598-1-300x300.png 300w, https:\/\/socri.uniri.hr\/eng\/wp-content\/uploads\/sites\/2\/2023\/09\/video-lecture_4536598-1-150x150.png 150w\" sizes=\"(max-width: 512px) 100vw, 512px\" \/><\/figure>\n\n\n\n<ul>\n<li>Maarten De Boeck:&nbsp;<a href=\"https:\/\/youtu.be\/KVp6xZYZ64I\" target=\"_blank\" rel=\"noreferrer noopener\">Symmetry \u2013 Maarten De Boeck<\/a><\/li>\n\n\n\n<li>Ivana Slami\u0107:&nbsp;<a href=\"https:\/\/festivalznanosti.uniri.hr\/2021\/patterns-harmonies-and-approximation-the-mathematics-behind-music\/\">Patterns, Harmonies, and Approximation \u2013 the Mathematics Behind Music<\/a><\/li>\n\n\n\n<li>Bojan Crnkovi\u0107: <a href=\"https:\/\/festivalznanosti.uniri.hr\/2021\/echo-location-of-a-target\/\">Echo location of a target<\/a><\/li>\n\n\n\n<li>Grzegorz Karwasz (Physics Division, Nicolaus Copernicus University): <a href=\"https:\/\/festivalznanosti.uniri.hr\/2023\/copernican-revolution\/\">From Kopernik to Einstein: Copernican revolution<\/a><\/li>\n\n\n\n<li>Slobodan Beliga and Ana Me\u0161trovi\u0107:&nbsp;<a href=\"https:\/\/festivalznanosti.uniri.hr\/2022\/dogadaj\/analysis-of-information-spreading-on-social-media-during-the-covid-19-pandemic-ai-based-approach\/\">Analysis of information spreading on social media during the COVID-19 pandemic: AI-based approach<\/a><\/li>\n\n\n\n<li>Nicholas James Bradshaw:&nbsp;<a href=\"https:\/\/festivalznanosti.uniri.hr\/2023\/does-mental-illness-come-from-our-genes\/\">Does mental illness come from our genes?<\/a><\/li>\n\n\n\n<li><strong>Long physics short<\/strong>: <a href=\"http:\/\/Long physics short: Meteors and Plasma Physics (Anita Crnov and Ema Topoljnak), Properties of Aluminium Oxide Nanopores (Martina Kolovrat, Denis Hudin\u010dec), Magnetic field of pulsars (Luka Bartuloci\u0107, Ante Maras, Karlo Mrakov\u010di\u0107 and Leon Hali\u0107), Quantum Eraser (Doris Todorovi\u0107, Lara \u010cali\u0107, Julia Petrovi\u0107 and Emma Hess), Astrophysical tests of Lorentz Invariance Violation (Emil Reiter, Lara \u0160egi\u0107, Ivan Bubi\u0107, Aldo Arena)\" target=\"_blank\" rel=\"noreferrer noopener\">Meteors and Plasma Physics<\/a> (Anita Crnov and Ema Topoljnak), <a href=\"http:\/\/Long physics short: Meteors and Plasma Physics (Anita Crnov and Ema Topoljnak), Properties of Aluminium Oxide Nanopores (Martina Kolovrat, Denis Hudin\u010dec), Magnetic field of pulsars (Luka Bartuloci\u0107, Ante Maras, Karlo Mrakov\u010di\u0107 and Leon Hali\u0107), Quantum Eraser (Doris Todorovi\u0107, Lara \u010cali\u0107, Julia Petrovi\u0107 and Emma Hess), Astrophysical tests of Lorentz Invariance Violation (Emil Reiter, Lara \u0160egi\u0107, Ivan Bubi\u0107, Aldo Arena)\" target=\"_blank\" rel=\"noreferrer noopener\">Properties of Aluminium Oxide Nanopores<\/a> (Martina Kolovrat, Denis Hudin\u010dec), <a href=\"http:\/\/Long physics short: Meteors and Plasma Physics (Anita Crnov and Ema Topoljnak), Properties of Aluminium Oxide Nanopores (Martina Kolovrat, Denis Hudin\u010dec), Magnetic field of pulsars (Luka Bartuloci\u0107, Ante Maras, Karlo Mrakov\u010di\u0107 and Leon Hali\u0107), Quantum Eraser (Doris Todorovi\u0107, Lara \u010cali\u0107, Julia Petrovi\u0107 and Emma Hess), Astrophysical tests of Lorentz Invariance Violation (Emil Reiter, Lara \u0160egi\u0107, Ivan Bubi\u0107, Aldo Arena)\" target=\"_blank\" rel=\"noreferrer noopener\">Magnetic field of pulsars<\/a> (Luka Bartuloci\u0107, Ante Maras, Karlo Mrakov\u010di\u0107 and Leon Hali\u0107), <a href=\"http:\/\/Long physics short: Meteors and Plasma Physics (Anita Crnov and Ema Topoljnak), Properties of Aluminium Oxide Nanopores (Martina Kolovrat, Denis Hudin\u010dec), Magnetic field of pulsars (Luka Bartuloci\u0107, Ante Maras, Karlo Mrakov\u010di\u0107 and Leon Hali\u0107), Quantum Eraser (Doris Todorovi\u0107, Lara \u010cali\u0107, Julia Petrovi\u0107 and Emma Hess), Astrophysical tests of Lorentz Invariance Violation (Emil Reiter, Lara \u0160egi\u0107, Ivan Bubi\u0107, Aldo Arena)\" target=\"_blank\" rel=\"noreferrer noopener\">Quantum Eraser<\/a> (Doris Todorovi\u0107, Lara \u010cali\u0107, Julia Petrovi\u0107, and Emma Hess), <a href=\"http:\/\/Long physics short: Meteors and Plasma Physics (Anita Crnov and Ema Topoljnak), Properties of Aluminium Oxide Nanopores (Martina Kolovrat, Denis Hudin\u010dec), Magnetic field of pulsars (Luka Bartuloci\u0107, Ante Maras, Karlo Mrakov\u010di\u0107 and Leon Hali\u0107), Quantum Eraser (Doris Todorovi\u0107, Lara \u010cali\u0107, Julia Petrovi\u0107 and Emma Hess), Astrophysical tests of Lorentz Invariance Violation (Emil Reiter, Lara \u0160egi\u0107, Ivan Bubi\u0107, Aldo Arena)\" target=\"_blank\" rel=\"noreferrer noopener\">Astrophysical tests of Lorentz Invariance Violation<\/a> (Emil Reiter, Lara \u0160egi\u0107, Ivan Bubi\u0107, Aldo Arena)<\/li>\n\n\n\n<li>Maximilian Wagner: <a href=\"https:\/\/www.youtube.com\/watch?v=RY6QZinQ1hk\" data-type=\"URL\" data-id=\"https:\/\/www.youtube.com\/watch?v=RY6QZinQ1hk\">Life between the tides<\/a><\/li>\n<\/ul>\n<\/div><\/div>\n\n\n\n<div class=\"wp-block-pb-accordion-item c-accordion__item js-accordion-item no-js is-open\" data-initially-open=\"true\" data-click-to-close=\"true\" data-auto-close=\"true\" data-scroll=\"false\" data-scroll-offset=\"0\"><h2 id=\"at-3731\" class=\"c-accordion__title js-accordion-controller\" role=\"button\"><strong><mark style=\"background-color:rgba(0, 0, 0, 0);color:#b50416\" class=\"has-inline-color\">Exhibitions<\/mark><\/strong><\/h2><div id=\"ac-3731\" class=\"c-accordion__content\">\n<figure class=\"wp-block-image aligncenter size-large is-resized\"><img loading=\"lazy\" decoding=\"async\" width=\"1024\" height=\"682\" src=\"http:\/\/socri.uniri.hr\/eng\/wp-content\/uploads\/sites\/2\/2023\/09\/210823_izlozba-na-korzu_007-1024x682.jpg\" alt=\"\" class=\"wp-image-368\" style=\"width:449px;height:299px\" srcset=\"https:\/\/socri.uniri.hr\/eng\/wp-content\/uploads\/sites\/2\/2023\/09\/210823_izlozba-na-korzu_007-1024x682.jpg 1024w, https:\/\/socri.uniri.hr\/eng\/wp-content\/uploads\/sites\/2\/2023\/09\/210823_izlozba-na-korzu_007-300x200.jpg 300w, https:\/\/socri.uniri.hr\/eng\/wp-content\/uploads\/sites\/2\/2023\/09\/210823_izlozba-na-korzu_007-768x512.jpg 768w, https:\/\/socri.uniri.hr\/eng\/wp-content\/uploads\/sites\/2\/2023\/09\/210823_izlozba-na-korzu_007-1536x1024.jpg 1536w, https:\/\/socri.uniri.hr\/eng\/wp-content\/uploads\/sites\/2\/2023\/09\/210823_izlozba-na-korzu_007.jpg 2000w\" sizes=\"(max-width: 1024px) 100vw, 1024px\" \/><\/figure>\n\n\n\n<p><a href=\"https:\/\/socri.uniri.hr\/eng\/exhibition-ai-explore\/\" data-type=\"post\" data-id=\"361\">[ai] explore!<\/a><\/p>\n<\/div><\/div>\n\n\n\n<div class=\"wp-block-pb-accordion-item c-accordion__item js-accordion-item no-js is-open\" data-initially-open=\"true\" data-click-to-close=\"true\" data-auto-close=\"false\" data-scroll=\"false\" data-scroll-offset=\"0\"><h2 id=\"at-3732\" class=\"c-accordion__title js-accordion-controller\" role=\"button\"><strong><mark style=\"background-color:rgba(0, 0, 0, 0);color:#b50416\" class=\"has-inline-color\">Virtual workshops<\/mark><\/strong><\/h2><div id=\"ac-3732\" class=\"c-accordion__content\">\n<p class=\"has-text-align-center\"> <img loading=\"lazy\" decoding=\"async\" width=\"512\" height=\"512\" class=\"wp-image-390\" style=\"width:248px;height:248px\" src=\"http:\/\/socri.uniri.hr\/eng\/wp-content\/uploads\/sites\/2\/2023\/09\/elearning_4536578.png\" alt=\"\" srcset=\"https:\/\/socri.uniri.hr\/eng\/wp-content\/uploads\/sites\/2\/2023\/09\/elearning_4536578.png 512w, https:\/\/socri.uniri.hr\/eng\/wp-content\/uploads\/sites\/2\/2023\/09\/elearning_4536578-300x300.png 300w, https:\/\/socri.uniri.hr\/eng\/wp-content\/uploads\/sites\/2\/2023\/09\/elearning_4536578-150x150.png 150w\" sizes=\"(max-width: 512px) 100vw, 512px\" \/> <\/p>\n\n\n\n<ul>\n<li><a href=\"https:\/\/mod.srce.hr\/enrol\/index.php?id=378\" data-type=\"URL\" data-id=\"https:\/\/mod.srce.hr\/enrol\/index.php?id=378\">Mathematical circus<\/a><\/li>\n\n\n\n<li><a href=\"https:\/\/mod.srce.hr\/enrol\/index.php?id=349\" data-type=\"URL\" data-id=\"https:\/\/mod.srce.hr\/enrol\/index.php?id=349\">Imaginary<\/a><\/li>\n<\/ul>\n<\/div><\/div>\n\n\n\n<p><a href=\"https:\/\/socri.uniri.hr\/virtualni-centar\/\">https:\/\/socri.uniri.hr\/virtualni-centar\/<\/a><\/p>\n","protected":false},"excerpt":{"rendered":"<p>The Virtual Science Outreach Center is a platform for open communication of science. The purpose of the platform is to share best practices, experiences, ideas, knowledge, activities, and interactive materials. The goal is to help scientific institutions and scientists reach out to the public and promote the importance of science, scientific facts, scientific methods, fact-based &hellip;<\/p>\n<p class=\"read-more\"> <a class=\"\" href=\"https:\/\/socri.uniri.hr\/eng\/virtual-science-outreach-centre\/\"> <span class=\"screen-reader-text\">Virtual Science Outreach Centre<\/span> Read More &raquo;<\/a><\/p>\n","protected":false},"author":2,"featured_media":0,"parent":0,"menu_order":0,"comment_status":"closed","ping_status":"closed","template":"","meta":{"site-sidebar-layout":"default","site-content-layout":"default","ast-global-header-display":"","ast-banner-title-visibility":"","ast-main-header-display":"","ast-hfb-above-header-display":"","ast-hfb-below-header-display":"","ast-hfb-mobile-header-display":"","site-post-title":"","ast-breadcrumbs-content":"","ast-featured-img":"","footer-sml-layout":"","theme-transparent-header-meta":"","adv-header-id-meta":"","stick-header-meta":"","header-above-stick-meta":"","header-main-stick-meta":"","header-below-stick-meta":"","footnotes":""},"_links":{"self":[{"href":"https:\/\/socri.uniri.hr\/eng\/wp-json\/wp\/v2\/pages\/373"}],"collection":[{"href":"https:\/\/socri.uniri.hr\/eng\/wp-json\/wp\/v2\/pages"}],"about":[{"href":"https:\/\/socri.uniri.hr\/eng\/wp-json\/wp\/v2\/types\/page"}],"author":[{"embeddable":true,"href":"https:\/\/socri.uniri.hr\/eng\/wp-json\/wp\/v2\/users\/2"}],"replies":[{"embeddable":true,"href":"https:\/\/socri.uniri.hr\/eng\/wp-json\/wp\/v2\/comments?post=373"}],"version-history":[{"count":17,"href":"https:\/\/socri.uniri.hr\/eng\/wp-json\/wp\/v2\/pages\/373\/revisions"}],"predecessor-version":[{"id":407,"href":"https:\/\/socri.uniri.hr\/eng\/wp-json\/wp\/v2\/pages\/373\/revisions\/407"}],"wp:attachment":[{"href":"https:\/\/socri.uniri.hr\/eng\/wp-json\/wp\/v2\/media?parent=373"}],"curies":[{"name":"wp","href":"https:\/\/api.w.org\/{rel}","templated":true}]}}